r of g and c?
6
Suppose 4*t = 2*z + 38, 0 = -t - 0*t + 2*z + 17. What is the greatest common factor of 203 and t?
7
Suppose 7*v = 2*v - 2*b + 164, 5*b + 54 = 2*v. What is the greatest common factor of v and 256?
32
Suppose 11 + 39 = 5*b. What is the highest common factor of b and 5?
5
Suppose -3*n = n - 144. Let u = n - 13. Let z = 194 + -79. What is the highest common divisor of u and z?
23
Let x = -51 - -64. What is the highest common factor of 91 and x?
13
Suppose -4*b = -5*d + 33, -2*d + 16 - 2 = -2*b. Suppose d*j = 24 + 11. What is the greatest common divisor of 70 and j?
7
Suppose 2*a = 2*w + 28, 5*a + 0*w - w - 90 = 0. Suppose -2*l + 21 + a = 0. What is the highest common factor of 180 and l?
20
Let a be 48/28 - (-2)/7. Suppose -f = 3*b - 41, -3*b = 3*f + a*f - 217. Let h be 1/3 + f/3. What is the greatest common divisor of 45 and h?
15
Let k be 50/(-8) - (-6)/24. Let n(j) = j**3 + 8*j**2 - j + 7. Let r be n(k). What is the greatest common factor of 17 and r?
17
Let b = 1 + 6. Let n = -42 - -77. What is the highest common factor of b and n?
7
Let n(g) = 13*g**2 - 4*g + 4. Let l be n(6). Suppose 0 = 3*q + q - l. Suppose -2*a = -86 - q. What is the highest common divisor of 11 and a?
11
Let p(z) = 4*z - 30. Let s(h) = h - 1. Let d(k) = -p(k) + 5*s(k). Let v be d(-15). Suppose -3*a - a + 16 = 0. Calculate the greatest common divisor of v and a.
2
Let i = 84 - 21. Let l(b) = 4*b + 81. Let z be l(-18). Calculate the highest common factor of i and z.
9
Let i be (-328)/(-5) + (-4)/(-10). Let o(k) = 4*k**2 - 3*k - 2. Let v be o(-1). Let w = 11 - v. What is the highest common factor of i and w?
6
Let d = 14 + -8. Suppose 2*r = -5*z + 42, -r - 15 = -5*z - d. Let l(n) = -10*n + 8. Let j be l(-8). What is the highest common factor of j and r?
11
Let k(b) = -4*b - 2. Let z be k(-3). Let q be (-4)/((-2)/10*2). Calculate the highest common divisor of z and q.
10
Let c be 69 - 2/3*(-18)/4. Calculate the greatest common factor of 9 and c.
9
Let h = 19 + -16. What is the greatest common divisor of 9 and h?
3
Let v = -164 - -180. Calculate the greatest common divisor of v and 2.
2
Suppose 0*u + 3*u = 0. Suppose u = -7*d + 6*d + 18. Calculate the greatest common divisor of 27 and d.
9
Let z be 3*(5 + 2) + -3. Let x be 48/z - (-1)/3. What is the highest common divisor of 6 and x?
3
Let r be (1 - 25 - -3)*-6. What is the highest common divisor of r and 14?
14
Let k = 12 - 2. Suppose 4*q + 1 + 3 = 0. Let v be (1 - -69) + 0/q. Calculate the greatest common divisor of k and v.
10
Let o be (-2 + 9)/((-3)/(-162)). Suppose 7*i - i = o. Calculate the greatest common factor of 7 and i.
7
Let o(a) = -13*a**3 + 3*a**2 + 2*a. Let k be o(-2). Suppose m + k = 2*y - 3*m, m = -4. Calculate the highest common factor of y and 12.
12
Let r = -237 - -77. Let z = r - -256. Let j = 229 + -217. What is the highest common divisor of z and j?
12
Suppose -5*a - 3*w = -80 - 512, a - w = 120. Suppose 0 = z - 5*z. Let t(b) = -b + 17. Let f be t(z). What is the highest common factor of f and a?
17
Suppose -4*o + 14 = 2. Suppose o*u = 2*f + 45, 2*u + 3*f = 4*u - 25. Calculate the highest common divisor of 17 and u.
17
Let w(k) = -61*k - 3. Let l be w(-2). Calculate the greatest common divisor of l and 17.
17
Suppose 3*s = 2*h + 5, 3*h = -s + 11 - 2. Calculate the highest common factor of 12 and s.
3
Suppose 3*o - 22 = -7. Suppose 5*g - 18 = -2*d, 4*d - 94 = o*g + 2. Calculate the highest common divisor of d and 38.
19
Suppose -2*w - 2*i + 26 = 3*i, 4*w + 3*i - 52 = 0. Let t(m) = m**2 + 5*m + 5. Let l be t(7). Let q = l - -2. What is the greatest common divisor of w and q?
13
Let y = 29 - 18. Let b = -1 + y. Suppose 0 = 10*k - 0*k - 500. What is the greatest common factor of b and k?
10
Let m be (-12)/(-2)*39/9. Calculate the greatest common divisor of m and 78.
26
Let n be 24*(3 + -6 + 4). What is the greatest common factor of n and 8?
8
Suppose -7 - 3 = -2*q. Let o = -4 - -9. Suppose q*m = 3*r + 85, 3*m - o*r - 7 = 28. Calculate the highest common factor of m and 30.
10
Let z be -15*-11*2/6. What is the highest common factor of 5 and z?
5
Let y be (2 + (-166)/(-5))*5. Calculate the highest common divisor of y and 16.
16
Suppose 8*j = 5*j + 21. What is the greatest common divisor of 14 and j?
7
Let k(b) = 9*b + 3. Let o be k(5). Calculate the greatest common divisor of 24 and o.
24
Let b be ((-1)/2)/((2 - -2)/(-264)). What is the highest common divisor of b and 22?
11
Suppose b - 8 = 3*b. Let d(q) = 2*q**2 + 4*q + 1. Let f be d(b). What is the greatest common factor of 17 and f?
17
Let f = -82 + 138. Let w be 1*5*f/40. What is the greatest common factor of 1 and w?
1
Let x = -27 + 35. What is the greatest common divisor of x and 8?
8
Suppose 2*v - 17 = 37. What is the greatest common factor of v and 54?
27
Let q be 3368/40 + 1/(-5). Let x = 29 - 8. Calculate the greatest common factor of q and x.
21
Suppose 4*h + 9 = 1. Let j(t) = 26*t**2. Let x be j(h). What is the highest common divisor of 13 and x?
13
Let n(q) be the first derivative of -q**4/4 + 5*q**3/3 - q**2/2 - 2*q + 1. Let p be n(4). Suppose 3*w = w + p. Calculate the greatest common factor of w and 2.
1
Suppose 5*z + 2*h = 4, 5*z - 2*h - 22 = 2*h. Suppose -w = -2*w + z. Suppose p - 77 = -5*t, 3*t + p - 45 = -0. What is the greatest common factor of t and w?
2
Let k be -5*((-28)/(-10) + -2). Let l be 2/k*8/(-2). What is the highest common divisor of l and 6?
2
Let j(c) = c**2 + c + 4. Let t be j(-4). Suppose 4*x + 53 - 21 = z, -z = 3*x - 18. Calculate the highest common divisor of t and z.
8
Suppose 2*x = 25 - 9. Suppose 3*t - 3*b - 20 = 10, -3*t - 3*b + 42 = 0. Let v be t/(-5)*60/(-9). Calculate the highest common divisor of x and v.
8
Suppose 64 = -2*t + 6*t. Suppose 2*j - 7*j = -280. Let l be 8/14 - (-3552)/j. What is the highest common divisor of t and l?
16
Suppose 4*t + 5*t - 81 = 0. What is the highest common factor of 1 and t?
1
Suppose -5*w - 2*h = -136 + 36, -5*w + 100 = 5*h. Calculate the highest common factor of w and 60.
20
Let q be ((-8)/(-14))/(3/21). What is the greatest common factor of 20 and q?
4
Suppose -4*z = z - 40. Let t = 40 + -39. Calculate the highest common divisor of z and t.
1
Suppose 0 = -3*i - i + 292. Let k = 138 - i. What is the highest common factor of 26 and k?
13
Suppose 4*q - 14 = 34. What is the greatest common divisor of 48 and q?
12
Suppose 2*w + 109 = y, -2*y + 3*w + 201 = -22. Calculate the highest common factor of 17 and y.
17
Suppose 22 + 2 = 2*q. What is the highest common divisor of q and 108?
12
Let g be (12 + -45)*(0 + -5). Let u(j) = 3*j**3 - 1. Let v be u(1). Let s be (v - 1)*(16 + -1). What is the highest common factor of g and s?
15
Let l(w) = -11*w + 12. Let b be l(-4). What is the highest common divisor of b and 14?
14
Suppose 0 = -4*r + l - 6*l + 251, -5*l + 187 = 3*r. What is the greatest common divisor of 160 and r?
32
Suppose 2*a + 5 + 3 = -3*x, 0 = 5*a - 3*x - 22. What is the highest common divisor of 2 and a?
2
Suppose q - 4*r - 5 = -0*q, 7 = q - 3*r. Let h = q - -11. Let t = -27 - -51. What is the greatest common divisor of t and h?
24
Let b be 3*1*(-1)/(-1). Let o be 10/(-3)*(-3)/2. Suppose 3*q - 50 = -o. What is the greatest common divisor of b and q?
3
Suppose 2*n + 95 - 31 = 4*u, 5*u - 5*n - 90 = 0. Calculate the highest common divisor of 126 and u.
14
Let l(g) = -g**3 - 5*g**2 + 3*g + 7. Let v be l(-4). Let r be 3/(-2)*154/v. What is the highest common factor of r and 11?
11
Let n(i) = -5*i - 6. Let v be n(-2). What is the greatest common factor of v and 64?
4
Let u be 2/10 - (-203)/35. Calculate the greatest common factor of 4 and u.
2
Let y be 28/(-3)*3/(-2). Suppose 0 = 2*k - 4, -v + k + 33 = -6*v. Let t = y + v. Calculate the greatest common factor of 56 and t.
7
Let t be (-2)/((-16)/(-98))*-4. Let q(k) = k**3 + 5*k**2 - 7*k - 7. Let s be q(-5). Let h be 204/s + 4/(-14). What is the greatest common factor of h and t?
7
Suppose -21 = -4*b + 171. Calculate the greatest common divisor of b and 12.
12
Let h(w) = 7*w + 2. Suppose 0*z + z = 4*b - 14, 5*z + 19 = 3*b. Suppose b*s = 2 + 16. Let u be h(s). What is the highest common divisor of u and 4?
4
Let m(r) = 27*r**3 + r - 1. Suppose 4*z - 3*z - 1 = 0. Let c be m(z). Let n(q) = q**3 - 3*q. Let h be n(3). What